{"id":9,"date":"2014-10-08T19:19:24","date_gmt":"2014-10-09T03:19:24","guid":{"rendered":"http:\/\/ffmm.com.mx\/forefront\/?page_id=9"},"modified":"2018-03-20T20:56:01","modified_gmt":"2018-03-21T04:56:01","slug":"equipos","status":"publish","type":"page","link":"http:\/\/ffmm.com.mx\/forefront\/equipos","title":{"rendered":"Equipos"},"content":{"rendered":"<section class=\"wpb-content-wrapper\"><p>[vc_row][vc_column][vc_empty_space height=\u00bb150px\u00bb][\/vc_column][\/vc_row][vc_row][vc_column][vc_column_text]<\/p>\n<h1>EQUIPOS<\/h1>\n<p>[\/vc_column_text][\/vc_column][\/vc_row][vc_row][vc_column width=\u00bb1\/2&#8243;][vc_column_text]<\/p>\n<h2 align=\"center\"><strong>ASPIRADOR ULTRASONICO SORING SONOCA 300<\/strong><\/h2>\n<p>[\/vc_column_text][vc_column_text]<\/p>\n<p style=\"text-align: left;\">El Aspirador\/Disector Ultras\u00f3nico Sonoca es un mecanismo compacto con aspiraci\u00f3n integral y sistema de irrigaci\u00f3n.<\/p>\n<p style=\"text-align: left;\">\u00danico mecanismo que ofrece m\u00ednimo 3 frecuencias trabajando por minuto para una disecci\u00f3n convencional (25 kHz, 35 kHz) como tambi\u00e9n un incremento en la frecuencia (55kHz) para el uso de tijeras ultras\u00f3nicas<\/p>\n<p style=\"text-align: left;\">Sonoca es selectivo; su funci\u00f3n es fragmentar, emulsificar, y aspirar simult\u00e1neamente las sustancias y las grasas del tejido en el punto exacto donde se hace el contacto con la punta de la sonda, mientras deja intactos los dem\u00e1s tejidos. La elasticidad en la estructura celular de los tejidos conectores, vasos y nervios no sufren da\u00f1os. Hasta ahora Sonoca ha sido el gran asistente del cirujano para aislar vasos y minimizar perdida de sangre.<\/p>\n<p style=\"text-align: left;\">Con esta variedad de piezas de mano, hay un campo especifico de aplicaci\u00f3n para cada una, Sonoca es reconocido tanto por ser el mecanismo mas avanzado de su clase<\/p>\n<p>[\/vc_column_text][\/vc_column][vc_column width=\u00bb1\/2&#8243;][vc_empty_space height=\u00bb100px\u00bb][vc_single_image image=\u00bb10&#8243; img_size=\u00bbfull\u00bb alignment=\u00bbcenter\u00bb style=\u00bbvc_box_rounded\u00bb][vc_single_image image=\u00bb13&#8243; img_size=\u00bbfull\u00bb alignment=\u00bbcenter\u00bb][\/vc_column][\/vc_row][vc_row][vc_column width=\u00bb1\/4&#8243;][\/vc_column][vc_column width=\u00bb2\/4&#8243;][vc_column_text]<\/p>\n<h2 style=\"text-align: center;\"><strong>Fijador de Cr\u00e1neo HeadFix<\/strong><\/h2>\n<p>[\/vc_column_text][vc_images_carousel images=\u00bb884,887,885,888,886,890,871,889,891&#8243; img_size=\u00bbfull\u00bb onclick=\u00bblink_no\u00bb mode=\u00bbvertical\u00bb speed=\u00bb6000&#8243; autoplay=\u00bbyes\u00bb hide_pagination_control=\u00bbyes\u00bb wrap=\u00bbyes\u00bb][\/vc_column][vc_column width=\u00bb1\/4&#8243;][\/vc_column][\/vc_row][vc_row][vc_column width=\u00bb2\/3&#8243;][vc_column_text]<\/p>\n<h3 style=\"text-align: center;\">Legend EHS \u00ae Motor<\/h3>\n<p>[\/vc_column_text][vc_single_image image=\u00bb25&#8243; img_size=\u00bbfull\u00bb][\/vc_column][vc_column width=\u00bb1\/3&#8243;][vc_empty_space height=\u00bb50px\u00bb][vc_column_text]<\/p>\n<ul>\n<li>Tecnolog\u00eda patentada<\/li>\n<li>M\u00e1s poderoso que Midas Rex \u00ae Classic<\/li>\n<li>Velocidad de 200 a 75.000 rpm<\/li>\n<li>M\u00e1s silencioso que los martillos neum\u00e1ticos<\/li>\n<li>Mejora general del sistema de peso y el equilibrio \u2013 el cable m\u00e1s ligero, m\u00e1s flexible que la manguera neum\u00e1tica<\/li>\n<li>Direcci\u00f3n reversible \u2022 Mejora de la facilidad de uso<\/li>\n<li>Sin lubricaci\u00f3n o desechables sello de seguridad necesaria<\/li>\n<\/ul>\n<p>[\/vc_column_text][\/vc_column][\/vc_row][vc_row][vc_column][vc_column_text]<\/p>\n<div class=\"cover\">\n<div class=\"entry\">\n<p>&nbsp;<\/p>\n<h3>\u00a0LEGEND \u00ae ACCESORIOS<\/h3>\n<p><strong>Midas Rex Leyenda \u00ae<\/strong> \u00a0presenta una completa gama de accesorios. Son de dise\u00f1o ergon\u00f3mico para mejorar la textura y el agarre y control. El dise\u00f1o c\u00f3nico quir\u00fargico mejora la visibilidad, mejorar el control y la precisi\u00f3n.<\/p>\n<h3>Consola integrada de energ\u00eda (IPC &#x2122;)<\/h3>\n<p><a href=\"http:\/\/ffmm.com.mx\/forefront\/wp-content\/uploads\/2014\/10\/cip.jpg\"><img loading=\"lazy\" class=\"alignleft wp-image-26 size-full\" src=\"http:\/\/ffmm.com.mx\/forefront\/wp-content\/uploads\/2014\/10\/cip.jpg\" alt=\"cip\" width=\"200\" height=\"291\" \/><\/a>\u2022 F\u00e1cil de usar, pantalla t\u00e1ctil<br \/>\n\u2022 Ayuda de gr\u00e1ficos para cada pieza de mano<br \/>\n\u2022 Conecte hasta cuatro piezas de mano a la vez<br \/>\n\u2022 Sube a pedal \u00e1ngulo \u00f3ptimo<br \/>\n\u2022 Leyenda EHS Stylus motor &#x2122; ofrece&gt; 50% m\u00e1s de par motor<br \/>\n\u2022 IntelliFlow &#x2122; riego de control remoto<\/p>\n<p>&nbsp;<\/p>\n<h3><\/h3>\n<h3><\/h3>\n<h3><\/h3>\n<h3><\/h3>\n<p>&nbsp;<\/p>\n<h3 style=\"text-align: center;\">ALTA VELOCIDAD sistema neum\u00e1tico<\/h3>\n<p>&nbsp;<\/p>\n<p><a href=\"http:\/\/ffmm.com.mx\/forefront\/wp-content\/uploads\/2014\/10\/cl.jpg\"><img loading=\"lazy\" class=\"alignright wp-image-28 size-full\" src=\"http:\/\/ffmm.com.mx\/forefront\/wp-content\/uploads\/2014\/10\/cl.jpg\" alt=\"cl\" width=\"300\" height=\"199\" \/><\/a>Aumento de la visibilidad, la normalizaci\u00f3n, y la facilidad de uso, combinado con la precisi\u00f3n y la potencia cl\u00e1sico son el sello de Legend Midas Rex \u00ae \u00ae. Tres motores constituyen el sistema \u2013 Legend Gold \u00ae, la leyenda del platino \u00ae, y la Leyenda de Oro Pulse \u00ae. Dise\u00f1ados para proporcionar la potencia que los cirujanos han llegado a esperar de Midas Rex \u00ae productos, mejorado y funciones adicionales a estos motores proporcionan el rendimiento sin precedentes en la sala de operaciones.<\/p>\n<p>Dise\u00f1o ergon\u00f3mico para mejorar la adherencia y el control, la leyenda \u00ae motores cuentan con una simple, 3-paso de liberaci\u00f3n r\u00e1pida de montaje para todos los accesorios est\u00e1ndar y especiales. Leyenda \u00ae normalizaci\u00f3n ahorra tiempo y dinero que act\u00faa como una plataforma com\u00fan para muchas especialidades, incluida craneal, Oto, base de cr\u00e1neo, la columna vertebral, Craneofacial, y Ortopedia. Accesorios, herramientas, neum\u00e1ticos y de la unidad de control son comunes a los tres motores simplificado proporcionar la log\u00edstica, las necesidades de formaci\u00f3n, y el inventario.<\/p>\n<h3 style=\"text-align: center;\">Integraci\u00f3n completa<\/h3>\n<h3 style=\"text-align: center;\">Potencia tu mano Medtronic<\/h3>\n<p><a href=\"http:\/\/ffmm.com.mx\/forefront\/wp-content\/uploads\/2014\/10\/cip2.jpg\"><img loading=\"lazy\" class=\"alignleft size-full wp-image-29\" src=\"http:\/\/ffmm.com.mx\/forefront\/wp-content\/uploads\/2014\/10\/cip2.jpg\" alt=\"cip2\" width=\"200\" height=\"262\" \/><\/a>La nueva consola de entrega de energ\u00eda integrada de la innovaci\u00f3n que transforma su o su dise\u00f1o fue inspirado por los comentarios de ustedes, los cirujanos y las enfermeras en el campo.<\/p>\n<p>\u2022 Midas Rex \u00ae Columna disco Shaver<br \/>\n\u2022 Midas Rex \u00ae Legend EHS Stylus TM Taladre<br \/>\n\u2022 Midas Rex \u00ae \u00ae Taladre Leyenda EHS<br \/>\n\u2022 Skeeter \u00ae Otologic Taladre<br \/>\n\u2022 Endo-Scrub \u00ae 2 vainas de limpieza de lente<br \/>\n\u2022 Straightshot \u00ae M4 Microdebrider<br \/>\n\u2022 Dispositivos adicionales en desarrollo<\/p>\n<p>&nbsp;<\/p>\n<h3>DISPONIBLE LUBRICANTE \/ DIFFUSER CARTUCHO<\/h3>\n<p><a href=\"http:\/\/ffmm.com.mx\/forefront\/wp-content\/uploads\/2014\/10\/lub.jpg\"><img loading=\"lazy\" class=\"alignright size-full wp-image-30\" src=\"http:\/\/ffmm.com.mx\/forefront\/wp-content\/uploads\/2014\/10\/lub.jpg\" alt=\"lub\" width=\"500\" height=\"418\" srcset=\"http:\/\/ffmm.com.mx\/forefront\/wp-content\/uploads\/2014\/10\/lub.jpg 500w, http:\/\/ffmm.com.mx\/forefront\/wp-content\/uploads\/2014\/10\/lub-300x250.jpg 300w\" sizes=\"(max-width: 500px) 100vw, 500px\" \/><\/a>El innovador lubricante \/ difusor es un cartucho de un solo uso, la unidad que funciona con todos los Midas Rex \u00ae. Lubrica autom\u00e1ticamente el motor sin ajustes necesarios. Unidad combinada que no s\u00f3lo lubrica, sino que prev\u00e9 la difusi\u00f3n del aire tambi\u00e9n.<\/p>\n<p>Este cartucho elimina la l\u00ednea en cualquier oiler y fontaner\u00eda. El lubricante \/ difusor cartuchos son buenos para aproximadamente una hora de perforaci\u00f3n y constante son desechables despu\u00e9s de cada caso! Los cartuchos de proporcionar la lubricaci\u00f3n y la configuraci\u00f3n simple, sin las adaptaciones necesarias.<\/p>\n<h1 align=\"center\"><\/h1>\n<h1 align=\"center\"><\/h1>\n<h1 align=\"center\"><\/h1>\n<h1 align=\"center\"><\/h1>\n<h2>NEURONAVEGADOR<\/h2>\n<h1 align=\"center\"><img loading=\"lazy\" class=\"alignnone wp-image-861\" src=\"http:\/\/ffmm.com.mx\/forefront\/wp-content\/uploads\/2018\/03\/neuro2-290x300.png\" alt=\"\" width=\"554\" height=\"573\" srcset=\"http:\/\/ffmm.com.mx\/forefront\/wp-content\/uploads\/2018\/03\/neuro2-290x300.png 290w, http:\/\/ffmm.com.mx\/forefront\/wp-content\/uploads\/2018\/03\/neuro2.png 697w\" sizes=\"(max-width: 554px) 100vw, 554px\" \/><\/h1>\n<h1 align=\"center\">DISPONIBLE PARA VENTA Y ARRENDAMIENTO POR PROCEDIMIENTO<\/h1>\n<\/div>\n<\/div>\n<p>[\/vc_column_text][\/vc_column][\/vc_row]<\/p>\n<\/section>","protected":false},"excerpt":{"rendered":"<p>[vc_row][vc_column][vc_empty_space height=\u00bb150px\u00bb][\/vc_column][\/vc_row][vc_row][vc_column][vc_column_text] EQUIPOS [\/vc_column_text][\/vc_column][\/vc_row][vc_row][vc_column width=\u00bb1\/2&#8243;][vc_column_text] ASPIRADOR ULTRASONICO SORING SONOCA 300 [\/vc_column_text][vc_column_text] El Aspirador\/Disector Ultras\u00f3nico Sonoca es un mecanismo compacto con aspiraci\u00f3n integral y sistema de irrigaci\u00f3n. \u00danico mecanismo que ofrece m\u00ednimo 3&#8230;<\/p>\n","protected":false},"author":5,"featured_media":0,"parent":0,"menu_order":0,"comment_status":"closed","ping_status":"closed","template":"","meta":[],"_links":{"self":[{"href":"http:\/\/ffmm.com.mx\/forefront\/wp-json\/wp\/v2\/pages\/9"}],"collection":[{"href":"http:\/\/ffmm.com.mx\/forefront\/wp-json\/wp\/v2\/pages"}],"about":[{"href":"http:\/\/ffmm.com.mx\/forefront\/wp-json\/wp\/v2\/types\/page"}],"author":[{"embeddable":true,"href":"http:\/\/ffmm.com.mx\/forefront\/wp-json\/wp\/v2\/users\/5"}],"replies":[{"embeddable":true,"href":"http:\/\/ffmm.com.mx\/forefront\/wp-json\/wp\/v2\/comments?post=9"}],"version-history":[{"count":15,"href":"http:\/\/ffmm.com.mx\/forefront\/wp-json\/wp\/v2\/pages\/9\/revisions"}],"predecessor-version":[{"id":892,"href":"http:\/\/ffmm.com.mx\/forefront\/wp-json\/wp\/v2\/pages\/9\/revisions\/892"}],"wp:attachment":[{"href":"http:\/\/ffmm.com.mx\/forefront\/wp-json\/wp\/v2\/media?parent=9"}],"curies":[{"name":"wp","href":"https:\/\/api.w.org\/{rel}","templated":true}]}}